e v = 5*a - 231. Is a a prime number?
False
Is (-12)/(-90) - (-248918475)/1125 prime?
True
Let j(a) = -172*a - 18 - 41*a + 45. Is j(-10) prime?
False
Let z = -185 + 2660. Let r = z + 464. Is r a composite number?
False
Let r be (-1 - 0)/(2*(-9)/54). Suppose 2*j - 59 = -3*v, 0*v + 2*v - r*j = 35. Is v a composite number?
False
Let y(c) be the second derivative of -c**5/20 + 11*c**4/12 + c**3 - 15*c**2/2 - 113*c. Is y(-14) composite?
False
Let m be 39/((-7)/((-14)/3)). Let r(g) = 21*g - m*g - 25 + 69*g. Is r(13) a prime number?
False
Suppose -3*t - 280 = -17*t. Suppose -32875 = t*d - 112655. Is d prime?
True
Suppose -10852 = -2*x + 35726. Suppose -x = -17*m + 16372. Is m a composite number?
False
Suppose -4*k + 3*k - 3*k = 0. Suppose k*c = -5*c + 10. Suppose -c*y = -3*w + y + 1623, y = 0. Is w prime?
True
Is 12*(-143454)/192*-8 a composite number?
True
Let q(l) = -1137*l + 337427. Is q(0) composite?
False
Let g be 214624/14 + (-8)/28. Let x = g + -5499. Suppose -9117 - 3183 = -5*k + 5*z, -x = -4*k - 5*z. Is k a composite number?
False
Suppose -71 = 8*x + 905. Let j = x - -775. Let k = -250 + j. Is k a composite number?
True
Let x(f) = 9*f - 53. Let l be x(6). Is (-162268)/(-13) + 2/(-13) - l prime?
False
Let i(a) = 1579*a**2 - 215*a - 15. Is i(-8) a composite number?
False
Suppose 0 = -3*i + 3*q - 0*q + 36, 2*q - 6 = -i. Let o be (-11)/((-275)/i) - (-2)/(-5). Is (0 - -2)/(-2) - (-999 - o) a prime number?
False
Let y(c) = c**3 + 2*c**2 - 2*c + 26. Let l be y(-4). Is ((-33520)/(-32))/(l/4) prime?
False
Suppose 3*u + 16*i - 18*i - 94415 = 0, -4*i = 16. Is u a prime number?
True
Let w be 4/(-14) - 22/(-77). Suppose w*o - 5*o + 12 = -2*q, 4*o - 5*q = 13. Suppose -64 - 118 = -o*k. Is k composite?
True
Let y(k) = 4806*k**2 - 18*k - 12. Let l be y(-7). Suppose 7*n = l + 95681. Is n composite?
True
Is (-39927591)/(-144)*8*2/11 a composite number?
False
Let t = 31771 + 200190. Is t composite?
False
Let y = -97 + 102. Suppose y*p + 3*p = 75528. Suppose p = 2*q + 7*q. Is q a composite number?
False
Suppose 12881 + 10954 = -3*w - 3*t, -4*w + 2*t = 31792. Let b = -4466 - w. Is b a prime number?
False
Suppose -5*j = -5*v - 0*j - 275, 5*v + j = -287. Let k = -57 - v. Suppose k = 3*q + 2*x - 1491, 2*x + 576 = 2*q - 428. Is q composite?
False
Let l(a) = -a**3 - 12*a**2 - 16*a - 50. Let p be l(-11). Suppose p*k = -4*y + 1469, 0 = -y + 3*k + 186 + 160. Is y a prime number?
False
Let p(u) = u**2 + 13*u - 11. Let m be p(-14). Suppose 2*t + t + 24 = m*o, 2*t + 30 = 4*o. Is -8 + o - (-374 + -1 - -1) a prime number?
True
Let x(c) = 866*c + 93. Let o be x(4). Suppose 1187 = q - g, 3*q + 4*g - 8*g - o = 0. Is q prime?
False
Let x = -153005 + 267316. Is x a prime number?
True
Suppose -2*g = 2 - 6. Let b(u) = u**2 - 1 + u**g - 30*u + 29*u + 579*u**3. Is b(1) a composite number?
True
Suppose -16*i - 23*i - 4543848 = -111*i. Is i a composite number?
True
Suppose j - 23 = -81. Is (1*-6)/(j/66323) prime?
False
Is (1614615/(-10))/(3 - (-27)/(-6)) a composite number?
False
Suppose -15*b = -136605 - 448410. Is b prime?
False
Let p(j) = 5*j**2 + j - 37. Let x be 152/(-12) - (-4)/6. Let l be (-2 - 33/x)/((-1)/20). Is p(l) a prime number?
False
Let l(y) be the second derivative of 528*y**3 - 69*y**2/2 - 54*y. Is l(4) a composite number?
True
Suppose -40*t + 7*t = -99. Suppose -3*o = 11208 - 82257. Suppose 14*w - t*w - o = 0. Is w prime?
True
Let l(p) = 123*p**2 + 146*p + 14. Let w(r) = -62*r**2 - 74*r - 7. Let q(n) = 3*l(n) + 5*w(n). Is q(-10) prime?
True
Suppose 107 = 6*k + 11. Suppose -k*f + 9*f + 1799 = 0. Is f a prime number?
True
Let x = -106 - -109. Suppose -2*s - 3*s + 3251 = -x*b, 3*b = -s - 3227. Let g = 3410 + b. Is g composite?
False
Let r(f) = f**3 - 2*f**2 - f - 124. Let p be r(0). Let s = -125 - p. Let q(z) = -3017*z**3 + z**2 - z - 2. Is q(s) composite?
True
Let t(j) be the second derivative of 131*j**5/10 + j**4/6 - j**3/6 - 2*j + 16. Is t(1) composite?
False
Let q(u) = -69*u + 0 - 3 - 71*u. Let r be q(2). Let m = r + 536. Is m composite?
True
Let n = 118 + -100. Let d(j) = 3*j**2 + 10*j - 51. Is d(n) a composite number?
True
Let b be (2 + (-2)/5)/((-1)/4820). Let a = b + 10885. Is a composite?
True
Let i be 32/112 - -5*(-6)/7. Let w be (0 - 2/i)/(9/(-36)). Is 339/1 - (0 - w) composite?
False
Suppose -21*t + 1725637 = 448102. Suppose -520 - t = -35*q. Is q a composite number?
False
Let l = -2642 + 4185. Is l prime?
True
Let q = -98459 - -152952. Is q composite?
False
Suppose -8*r = -r - 161. Suppose 5*i = -r - 2, 4*n - 29122 = -2*i. Is n composite?
False
Let u = -7 - -18. Suppose -327 = -3*b + 4*h + 127, 0 = b + 2*h - 138. Let a = b + u. Is a composite?
False
Suppose 3*b = 3*p - 4*p + 475, 0 = 3*b - 5*p - 451. Is b prime?
True
Let b = -88 - 142. Let n = -135 - b. Suppose -3*v + 64 + n = 0. Is v a prime number?
True
Let f be -2 + 0 - -2 - -9. Let m(w) = -10*w - 64*w**3 + 12*w**2 - 8 + 33*w**3 + 30*w**3 + 0*w**3. Is m(f) a prime number?
False
Let z(f) = 11*f**2 + 13*f + 47. Let r be z(-21). Suppose -m = -3*w + r, -w + m + 61 = -1478. Is w a composite number?
False
Let r = -6945 - -10902. Is r prime?
False
Let y = 8555 + 3516. Is y a composite number?
False
Let l(y) = 278*y + 19 + 70*y**2 - 818*y + 273*y + 276*y. Let s be (32/(-12))/(2/(-6)). Is l(s) a prime number?
False
Let a(v) = 2*v**2 - 5*v - 13. Let i = -16 - -16. Suppose i = -3*c - 18. Is a(c) composite?
False
Let r(u) = -17*u**2 + 20*u - 6. Let s(t) = -51*t**2 + 59*t - 16. Let w(v) = 17*r(v) - 6*s(v). Is w(-13) composite?
False
Let q(d) = 7*d**3 + 21*d**2 + 27. Let x be q(19). Let k = x - 20208. Is k a composite number?
True
Let y(s) be the first derivative of s**6/90 - 7*s**5/120 - 59*s**4/24 + 32*s**3/3 + 19. Let n(g) be the third derivative of y(g). Is n(-6) a prime number?
True
Suppose -12*m + 7*m + 4077240 = -5*y, y = -6*m + 4892723. Is m prime?
True
Suppose 1356 = 4*a - 3808. Is a prime?
True
Suppose f = -3*u + 431, 5*u + 4 - 9 = 0. Suppose 2*d = -f + 3906. Is d composite?
True
Let w(a) = 6019*a**2 + 62*a - 209. Is w(4) composite?
True
Let h(c) = -c**3 + 7*c**2 - 5*c - 10. Let l be h(5). Suppose 28*f - 13637 = l*f. Is f composite?
False
Let a(n) = -n**3 - 105*n**2 + 20*n + 313. Is a(-116) prime?
True
Let t be (2/6)/(3/9). Let c be (-4)/10 + t/(-15)*-51. Suppose 5*y + 6*f - 2*f - 44713 = 0, c*f + 26817 = 3*y. Is y prime?
True
Let k be 51/(-2)*(-18 - -16). Suppose -k*v = -56*v + 5605. Is v a composite number?
True
Let x(f) = 371*f + 36. Let a(h) = -93*h - 10. Let c(k) = -9*a(k) - 2*x(k). Let z be 3/7 + (-260)/(-14). Is c(z) composite?
False
Let x(t) = t**3 - 24*t**2 + 24*t - 25. Let a be x(23). Is a - -289 - (-3 + -3) a composite number?
False
Let n(z) = -z**2 + 20*z - 47. Let t be n(21). Let v be t/60 - (-6)/45. Is 669 + (-1 - v) + 4 a composite number?
False
Let m(b) = 853*b**2 - 8*b - 298 + 3*b + 148 + 155. Is m(1) composite?
False
Let t(c) = -471169*c + 1354. Is t(-1) composite?
False
Suppose -18 + 6 = 6*f. Let y be (6/(-9))/(f/9). Suppose y*r - 2525 = n, -839 = -r - n - 0*n. Is r a prime number?
False
Suppose 9*f - 8 - 10 = 0. Suppose -11*j = -20 - f. Let q = 483 - j. Is q a composite number?
True
Suppose 118265 + 1605905 = 14*a. Is a a composite number?
True
Let r(s) = s**3 + 35*s**2 - 71*s + 28. Let k be r(-37). Let b(l) = 5*l**2 + 5*l - 4. Let f be b(-5). Let n = f - k. Is n a prime number?
True
Suppose -12 = 3*w - 6*w + 3*s, -5*w + 10 = 5*s. Suppose -15 = 3*a, -w*l - 17*a = -12*a - 73454. Is l composite?
True
Suppose -43*h - 96603 = -44*h - 2*j, 5*h + 2*j - 483039 = 0. Is h a composite number?
True
Let t = 87 + -86. Let v(f) = -2*f**3 + 2*f**2 + f - 1. Let b be v(t). Suppose 5*j + 119 = 3*y, 2*y - y + j - 45 = b. Is y a composite number?
False
Suppose -1 = -o - 5. Let h be o/(-16) + (-78)/(-8). Let v(l) = 7*l**2 - 11*l - 3. Is v(h) prime?
True
Suppose -s + 0*s - 8634 = -3*o, -s = o - 2878. Suppose -4*k + o + 2015 = 5*z, -3*k - 5*z + 3676 = 0. Is k a composite number?
False
Suppose 2*f + 1783 = -93. Is 8/(-32)*(f - 2) prime?
False
Let u(p) = 7 - p**2 + 3*p**2 - p**3 - 8*p**2 + 8*p. Let f be u(-7). Suppose f = -v - 3*x + 188 - 52, 0 = -3*v + x + 378. Is v a prime number?
True
Suppose -258*v + 264*v - 1680 = 0. Suppose -5*l + 2*r + 26 = 6*r, -10 = 3*l - 4*r. Suppose -l*a + 402 = -v. Is a prime?
Fal